{"id":523,"date":"2024-02-29T13:05:29","date_gmt":"2024-02-29T12:05:29","guid":{"rendered":"https:\/\/www.treschl-architekten.de\/?page_id=523"},"modified":"2024-02-29T13:05:30","modified_gmt":"2024-02-29T12:05:30","slug":"unsere-leistungen","status":"publish","type":"page","link":"https:\/\/www.treschl-architekten.de\/?page_id=523","title":{"rendered":"Unsere Leistungen"},"content":{"rendered":"<div  class='flex_column av-av_one_fifth-41ee899840124b6993b57a87f996c353 av_one_fifth  avia-builder-el-0  el_before_av_three_fifth  avia-builder-el-first  first flex_column_div  '     ><\/div>\n<div  class='flex_column av-av_three_fifth-58a6369d5c19d308284fa729d91312fa av_three_fifth  avia-builder-el-1  el_after_av_one_fifth  avia-builder-el-last  flex_column_div  '     ><section  class='av_textblock_section av-lt76i9kh-c05d51eecdaf91c5da2d1d59256ae4e3 '   itemscope=\"itemscope\" itemtype=\"https:\/\/schema.org\/CreativeWork\" ><div class='avia_textblock'  itemprop=\"text\" ><p><b>Unsere Leistungen<\/b><\/p>\n<p>Wir betreuen unsere Bauherren umfassend in allen Phasen des Bauens. Vom ersten<\/p>\n<p>Baugedanken bis hin zur Betreuung bestehender Geb\u00e4ude.<\/p>\n<p>Zu unseren Leistungen geh\u00f6ren:<\/p>\n<p>Beratung bei der Grundst\u00fcckswahl<\/p>\n<p>Aufstellen von Bedarfsanalysen und Raumprogrammen<\/p>\n<p>Abstimmungen mit den Beh\u00f6rden<\/p>\n<p>Der architektonische Entwurf und die Objektplanung als Mittelpunkt des Geschehens<\/p>\n<p>Die Integration aller am Bau Beteiligten<\/p>\n<p>Wir erstellen die Leistungsbeschreibung als Grundlage der Bauvertr\u00e4ge und unterst\u00fctzen<\/p>\n<p>den Bauherrn bei den Verhandlungen mit den ausf\u00fchrenden Firmen. Hierbei sind wir<\/p>\n<p>unabh\u00e4ngig und vertreten die Interessen des Auftraggebers.<\/p>\n<p>Unser B\u00fcro leitet den Bauablauf, kontrolliert die ausf\u00fchrenden Firmen (Ausf\u00fchrung,<\/p>\n<p>Kosten, Termine) und sichert so die Qualit\u00e4t des Projekts.<\/p>\n<p>Bei der Abnahme der einzelnen Bauleistungen stehen wir an Ihrer Seite.<\/p>\n<p>Das realisierte Geb\u00e4ude soll Sie begeistern, vielleicht sogar Ihre Vorstellungen \u00fcbertreffen.<\/p>\n<p>Ihre Zufriedenheit ist unser Erfolg.<\/p>\n<\/div><\/section><\/div>\n","protected":false},"excerpt":{"rendered":"","protected":false},"author":2,"featured_media":0,"parent":0,"menu_order":0,"comment_status":"closed","ping_status":"closed","template":"","meta":{"footnotes":""},"class_list":["post-523","page","type-page","status-publish","hentry"],"_links":{"self":[{"href":"https:\/\/www.treschl-architekten.de\/index.php?rest_route=\/wp\/v2\/pages\/523","targetHints":{"allow":["GET"]}}],"collection":[{"href":"https:\/\/www.treschl-architekten.de\/index.php?rest_route=\/wp\/v2\/pages"}],"about":[{"href":"https:\/\/www.treschl-architekten.de\/index.php?rest_route=\/wp\/v2\/types\/page"}],"author":[{"embeddable":true,"href":"https:\/\/www.treschl-architekten.de\/index.php?rest_route=\/wp\/v2\/users\/2"}],"replies":[{"embeddable":true,"href":"https:\/\/www.treschl-architekten.de\/index.php?rest_route=%2Fwp%2Fv2%2Fcomments&post=523"}],"version-history":[{"count":1,"href":"https:\/\/www.treschl-architekten.de\/index.php?rest_route=\/wp\/v2\/pages\/523\/revisions"}],"predecessor-version":[{"id":524,"href":"https:\/\/www.treschl-architekten.de\/index.php?rest_route=\/wp\/v2\/pages\/523\/revisions\/524"}],"wp:attachment":[{"href":"https:\/\/www.treschl-architekten.de\/index.php?rest_route=%2Fwp%2Fv2%2Fmedia&parent=523"}],"curies":[{"name":"wp","href":"https:\/\/api.w.org\/{rel}","templated":true}]}}