{"id":437,"date":"2024-02-29T10:46:24","date_gmt":"2024-02-29T09:46:24","guid":{"rendered":"https:\/\/www.treschl-architekten.de\/?page_id=437"},"modified":"2024-02-29T10:46:25","modified_gmt":"2024-02-29T09:46:25","slug":"08b-einfamilienhaus-h","status":"publish","type":"page","link":"https:\/\/www.treschl-architekten.de\/?page_id=437","title":{"rendered":"08b Einfamilienhaus H"},"content":{"rendered":"<div  class='flex_column av-av_three_fifth-41ee899840124b6993b57a87f996c353 av_three_fifth  avia-builder-el-0  el_before_av_two_fifth  avia-builder-el-first  first flex_column_div  '     ><div  class='avia-slideshow av-lt71gouw-ac25143825670e5395e0cd869f1b3210 avia-slideshow-no scaling av_slideshow avia-slide-slider  avia-builder-el-1  avia-builder-el-no-sibling  av-slideshow-ui av-control-minimal av-control-minimal-dark av-no-slider-navigation av-slideshow-manual av-loop-once av-loop-manual-endless av-default-height-applied avia-slideshow-1' data-slideshow-options=\"{&quot;animation&quot;:&quot;slide&quot;,&quot;autoplay&quot;:false,&quot;loop_autoplay&quot;:&quot;once&quot;,&quot;interval&quot;:5,&quot;loop_manual&quot;:&quot;manual-endless&quot;,&quot;autoplay_stopper&quot;:false,&quot;noNavigation&quot;:false,&quot;bg_slider&quot;:false,&quot;keep_padding&quot;:false,&quot;hoverpause&quot;:false,&quot;show_slide_delay&quot;:0}\"  itemprop=\"image\" itemscope=\"itemscope\" itemtype=\"https:\/\/schema.org\/ImageObject\" ><ul class='avia-slideshow-inner ' style='padding-bottom: 66.25%;'><li  class='avia-slideshow-slide av-lt71gouw-ac25143825670e5395e0cd869f1b3210__0  slide-1 slide-odd'><div data-rel='slideshow-1' class='avia-slide-wrap '   ><img decoding=\"async\" fetchpriority=\"high\" class=\"wp-image-231 avia-img-lazy-loading-not-231\"  src=\"https:\/\/www.treschl-architekten.de\/wp-content\/uploads\/2024\/02\/08-Einfamilienhaus-01-scaled.jpg\" width=\"2560\" height=\"1696\" title='Einfamilienhaus H in Waiblingen' alt=''  itemprop=\"thumbnailUrl\" srcset=\"https:\/\/www.treschl-architekten.de\/wp-content\/uploads\/2024\/02\/08-Einfamilienhaus-01-scaled.jpg 2560w, https:\/\/www.treschl-architekten.de\/wp-content\/uploads\/2024\/02\/08-Einfamilienhaus-01-300x199.jpg 300w, https:\/\/www.treschl-architekten.de\/wp-content\/uploads\/2024\/02\/08-Einfamilienhaus-01-1030x682.jpg 1030w, https:\/\/www.treschl-architekten.de\/wp-content\/uploads\/2024\/02\/08-Einfamilienhaus-01-768x509.jpg 768w, https:\/\/www.treschl-architekten.de\/wp-content\/uploads\/2024\/02\/08-Einfamilienhaus-01-1536x1018.jpg 1536w, https:\/\/www.treschl-architekten.de\/wp-content\/uploads\/2024\/02\/08-Einfamilienhaus-01-2048x1357.jpg 2048w, https:\/\/www.treschl-architekten.de\/wp-content\/uploads\/2024\/02\/08-Einfamilienhaus-01-1500x994.jpg 1500w, https:\/\/www.treschl-architekten.de\/wp-content\/uploads\/2024\/02\/08-Einfamilienhaus-01-705x467.jpg 705w\" sizes=\"(max-width: 2560px) 100vw, 2560px\" \/><\/div><\/li><li  class='avia-slideshow-slide av-lt71gouw-ac25143825670e5395e0cd869f1b3210__1  slide-2 slide-even'><div data-rel='slideshow-1' class='avia-slide-wrap '   ><img decoding=\"async\" fetchpriority=\"high\" class=\"wp-image-232 avia-img-lazy-loading-not-232\"  src=\"https:\/\/www.treschl-architekten.de\/wp-content\/uploads\/2024\/02\/08-Einfamilienhaus-02-scaled.jpg\" width=\"2560\" height=\"1707\" title='Einfamilienhaus H in Waiblingen' alt=''  itemprop=\"thumbnailUrl\" srcset=\"https:\/\/www.treschl-architekten.de\/wp-content\/uploads\/2024\/02\/08-Einfamilienhaus-02-scaled.jpg 2560w, https:\/\/www.treschl-architekten.de\/wp-content\/uploads\/2024\/02\/08-Einfamilienhaus-02-300x200.jpg 300w, https:\/\/www.treschl-architekten.de\/wp-content\/uploads\/2024\/02\/08-Einfamilienhaus-02-1030x687.jpg 1030w, https:\/\/www.treschl-architekten.de\/wp-content\/uploads\/2024\/02\/08-Einfamilienhaus-02-768x512.jpg 768w, https:\/\/www.treschl-architekten.de\/wp-content\/uploads\/2024\/02\/08-Einfamilienhaus-02-1536x1024.jpg 1536w, https:\/\/www.treschl-architekten.de\/wp-content\/uploads\/2024\/02\/08-Einfamilienhaus-02-2048x1365.jpg 2048w, https:\/\/www.treschl-architekten.de\/wp-content\/uploads\/2024\/02\/08-Einfamilienhaus-02-1500x1000.jpg 1500w, https:\/\/www.treschl-architekten.de\/wp-content\/uploads\/2024\/02\/08-Einfamilienhaus-02-705x470.jpg 705w\" sizes=\"(max-width: 2560px) 100vw, 2560px\" \/><\/div><\/li><li  class='avia-slideshow-slide av-lt71gouw-ac25143825670e5395e0cd869f1b3210__2  slide-3 slide-odd'><div data-rel='slideshow-1' class='avia-slide-wrap '   ><img decoding=\"async\" fetchpriority=\"high\" class=\"wp-image-233 avia-img-lazy-loading-not-233\"  src=\"https:\/\/www.treschl-architekten.de\/wp-content\/uploads\/2024\/02\/08-Einfamilienhaus-03.jpg\" width=\"1841\" height=\"2160\" title='Einfamilienhaus H in Waiblingen' alt=''  itemprop=\"thumbnailUrl\" srcset=\"https:\/\/www.treschl-architekten.de\/wp-content\/uploads\/2024\/02\/08-Einfamilienhaus-03.jpg 1841w, https:\/\/www.treschl-architekten.de\/wp-content\/uploads\/2024\/02\/08-Einfamilienhaus-03-256x300.jpg 256w, https:\/\/www.treschl-architekten.de\/wp-content\/uploads\/2024\/02\/08-Einfamilienhaus-03-878x1030.jpg 878w, https:\/\/www.treschl-architekten.de\/wp-content\/uploads\/2024\/02\/08-Einfamilienhaus-03-768x901.jpg 768w, https:\/\/www.treschl-architekten.de\/wp-content\/uploads\/2024\/02\/08-Einfamilienhaus-03-1309x1536.jpg 1309w, https:\/\/www.treschl-architekten.de\/wp-content\/uploads\/2024\/02\/08-Einfamilienhaus-03-1746x2048.jpg 1746w, https:\/\/www.treschl-architekten.de\/wp-content\/uploads\/2024\/02\/08-Einfamilienhaus-03-1278x1500.jpg 1278w, https:\/\/www.treschl-architekten.de\/wp-content\/uploads\/2024\/02\/08-Einfamilienhaus-03-601x705.jpg 601w\" sizes=\"(max-width: 1841px) 100vw, 1841px\" \/><\/div><\/li><li  class='avia-slideshow-slide av-lt71gouw-ac25143825670e5395e0cd869f1b3210__3  slide-4 slide-even'><div data-rel='slideshow-1' class='avia-slide-wrap '   ><img decoding=\"async\" fetchpriority=\"high\" class=\"wp-image-234 avia-img-lazy-loading-not-234\"  src=\"https:\/\/www.treschl-architekten.de\/wp-content\/uploads\/2024\/02\/08-Einfamilienhaus-04-scaled.jpg\" width=\"2560\" height=\"1437\" title='Einfamilienhaus H in Waiblingen' alt=''  itemprop=\"thumbnailUrl\" srcset=\"https:\/\/www.treschl-architekten.de\/wp-content\/uploads\/2024\/02\/08-Einfamilienhaus-04-scaled.jpg 2560w, https:\/\/www.treschl-architekten.de\/wp-content\/uploads\/2024\/02\/08-Einfamilienhaus-04-300x168.jpg 300w, https:\/\/www.treschl-architekten.de\/wp-content\/uploads\/2024\/02\/08-Einfamilienhaus-04-1030x578.jpg 1030w, https:\/\/www.treschl-architekten.de\/wp-content\/uploads\/2024\/02\/08-Einfamilienhaus-04-768x431.jpg 768w, https:\/\/www.treschl-architekten.de\/wp-content\/uploads\/2024\/02\/08-Einfamilienhaus-04-1536x862.jpg 1536w, https:\/\/www.treschl-architekten.de\/wp-content\/uploads\/2024\/02\/08-Einfamilienhaus-04-2048x1150.jpg 2048w, https:\/\/www.treschl-architekten.de\/wp-content\/uploads\/2024\/02\/08-Einfamilienhaus-04-1500x842.jpg 1500w, https:\/\/www.treschl-architekten.de\/wp-content\/uploads\/2024\/02\/08-Einfamilienhaus-04-705x396.jpg 705w\" sizes=\"(max-width: 2560px) 100vw, 2560px\" \/><\/div><\/li><li  class='avia-slideshow-slide av-lt71gouw-ac25143825670e5395e0cd869f1b3210__4  slide-5 slide-odd'><div data-rel='slideshow-1' class='avia-slide-wrap '   ><img decoding=\"async\" fetchpriority=\"high\" class=\"wp-image-235 avia-img-lazy-loading-not-235\"  src=\"https:\/\/www.treschl-architekten.de\/wp-content\/uploads\/2024\/02\/08-Einfamilienhaus-05-scaled.jpg\" width=\"2560\" height=\"1517\" title='Einfamilienhaus H in Waiblingen' alt=''  itemprop=\"thumbnailUrl\" srcset=\"https:\/\/www.treschl-architekten.de\/wp-content\/uploads\/2024\/02\/08-Einfamilienhaus-05-scaled.jpg 2560w, https:\/\/www.treschl-architekten.de\/wp-content\/uploads\/2024\/02\/08-Einfamilienhaus-05-300x178.jpg 300w, https:\/\/www.treschl-architekten.de\/wp-content\/uploads\/2024\/02\/08-Einfamilienhaus-05-1030x610.jpg 1030w, https:\/\/www.treschl-architekten.de\/wp-content\/uploads\/2024\/02\/08-Einfamilienhaus-05-768x455.jpg 768w, https:\/\/www.treschl-architekten.de\/wp-content\/uploads\/2024\/02\/08-Einfamilienhaus-05-1536x910.jpg 1536w, https:\/\/www.treschl-architekten.de\/wp-content\/uploads\/2024\/02\/08-Einfamilienhaus-05-2048x1214.jpg 2048w, https:\/\/www.treschl-architekten.de\/wp-content\/uploads\/2024\/02\/08-Einfamilienhaus-05-1500x889.jpg 1500w, https:\/\/www.treschl-architekten.de\/wp-content\/uploads\/2024\/02\/08-Einfamilienhaus-05-705x418.jpg 705w\" sizes=\"(max-width: 2560px) 100vw, 2560px\" \/><\/div><\/li><li  class='avia-slideshow-slide av-lt71gouw-ac25143825670e5395e0cd869f1b3210__5  slide-6 slide-even'><div data-rel='slideshow-1' class='avia-slide-wrap '   ><img decoding=\"async\" fetchpriority=\"high\" class=\"wp-image-236 avia-img-lazy-loading-not-236\"  src=\"https:\/\/www.treschl-architekten.de\/wp-content\/uploads\/2024\/02\/08-Einfamilienhaus-06-scaled.jpg\" width=\"2560\" height=\"1370\" title='Einfamilienhaus H in Waiblingen' alt=''  itemprop=\"thumbnailUrl\" srcset=\"https:\/\/www.treschl-architekten.de\/wp-content\/uploads\/2024\/02\/08-Einfamilienhaus-06-scaled.jpg 2560w, https:\/\/www.treschl-architekten.de\/wp-content\/uploads\/2024\/02\/08-Einfamilienhaus-06-300x161.jpg 300w, https:\/\/www.treschl-architekten.de\/wp-content\/uploads\/2024\/02\/08-Einfamilienhaus-06-1030x551.jpg 1030w, https:\/\/www.treschl-architekten.de\/wp-content\/uploads\/2024\/02\/08-Einfamilienhaus-06-768x411.jpg 768w, https:\/\/www.treschl-architekten.de\/wp-content\/uploads\/2024\/02\/08-Einfamilienhaus-06-1536x822.jpg 1536w, https:\/\/www.treschl-architekten.de\/wp-content\/uploads\/2024\/02\/08-Einfamilienhaus-06-2048x1096.jpg 2048w, https:\/\/www.treschl-architekten.de\/wp-content\/uploads\/2024\/02\/08-Einfamilienhaus-06-1500x803.jpg 1500w, https:\/\/www.treschl-architekten.de\/wp-content\/uploads\/2024\/02\/08-Einfamilienhaus-06-705x377.jpg 705w\" sizes=\"(max-width: 2560px) 100vw, 2560px\" \/><\/div><\/li><li  class='avia-slideshow-slide av-lt71gouw-ac25143825670e5395e0cd869f1b3210__6  slide-7 slide-odd'><div data-rel='slideshow-1' class='avia-slide-wrap '   ><img decoding=\"async\" fetchpriority=\"high\" class=\"wp-image-237 avia-img-lazy-loading-not-237\"  src=\"https:\/\/www.treschl-architekten.de\/wp-content\/uploads\/2024\/02\/08-Einfamilienhaus-07.jpg\" width=\"1431\" height=\"2160\" title='Einfamilienhaus H in Waiblingen' alt=''  itemprop=\"thumbnailUrl\" srcset=\"https:\/\/www.treschl-architekten.de\/wp-content\/uploads\/2024\/02\/08-Einfamilienhaus-07.jpg 1431w, https:\/\/www.treschl-architekten.de\/wp-content\/uploads\/2024\/02\/08-Einfamilienhaus-07-199x300.jpg 199w, https:\/\/www.treschl-architekten.de\/wp-content\/uploads\/2024\/02\/08-Einfamilienhaus-07-682x1030.jpg 682w, https:\/\/www.treschl-architekten.de\/wp-content\/uploads\/2024\/02\/08-Einfamilienhaus-07-768x1159.jpg 768w, https:\/\/www.treschl-architekten.de\/wp-content\/uploads\/2024\/02\/08-Einfamilienhaus-07-1018x1536.jpg 1018w, https:\/\/www.treschl-architekten.de\/wp-content\/uploads\/2024\/02\/08-Einfamilienhaus-07-1357x2048.jpg 1357w, https:\/\/www.treschl-architekten.de\/wp-content\/uploads\/2024\/02\/08-Einfamilienhaus-07-994x1500.jpg 994w, https:\/\/www.treschl-architekten.de\/wp-content\/uploads\/2024\/02\/08-Einfamilienhaus-07-467x705.jpg 467w\" sizes=\"(max-width: 1431px) 100vw, 1431px\" \/><\/div><\/li><li  class='avia-slideshow-slide av-lt71gouw-ac25143825670e5395e0cd869f1b3210__7  slide-8 slide-even'><div data-rel='slideshow-1' class='avia-slide-wrap '   ><img decoding=\"async\" fetchpriority=\"high\" class=\"wp-image-238 avia-img-lazy-loading-not-238\"  src=\"https:\/\/www.treschl-architekten.de\/wp-content\/uploads\/2024\/02\/08-Einfamilienhaus-08.jpg\" width=\"1545\" height=\"2160\" title='Einfamilienhaus H in Waiblingen' alt=''  itemprop=\"thumbnailUrl\" srcset=\"https:\/\/www.treschl-architekten.de\/wp-content\/uploads\/2024\/02\/08-Einfamilienhaus-08.jpg 1545w, https:\/\/www.treschl-architekten.de\/wp-content\/uploads\/2024\/02\/08-Einfamilienhaus-08-215x300.jpg 215w, https:\/\/www.treschl-architekten.de\/wp-content\/uploads\/2024\/02\/08-Einfamilienhaus-08-737x1030.jpg 737w, https:\/\/www.treschl-architekten.de\/wp-content\/uploads\/2024\/02\/08-Einfamilienhaus-08-768x1074.jpg 768w, https:\/\/www.treschl-architekten.de\/wp-content\/uploads\/2024\/02\/08-Einfamilienhaus-08-1099x1536.jpg 1099w, https:\/\/www.treschl-architekten.de\/wp-content\/uploads\/2024\/02\/08-Einfamilienhaus-08-1465x2048.jpg 1465w, https:\/\/www.treschl-architekten.de\/wp-content\/uploads\/2024\/02\/08-Einfamilienhaus-08-1073x1500.jpg 1073w, https:\/\/www.treschl-architekten.de\/wp-content\/uploads\/2024\/02\/08-Einfamilienhaus-08-504x705.jpg 504w\" sizes=\"(max-width: 1545px) 100vw, 1545px\" \/><\/div><\/li><li  class='avia-slideshow-slide av-lt71gouw-ac25143825670e5395e0cd869f1b3210__8  slide-9 slide-odd'><div data-rel='slideshow-1' class='avia-slide-wrap '   ><img decoding=\"async\" fetchpriority=\"high\" class=\"wp-image-239 avia-img-lazy-loading-not-239\"  src=\"https:\/\/www.treschl-architekten.de\/wp-content\/uploads\/2024\/02\/08-Einfamilienhaus-10-scaled.jpg\" width=\"2560\" height=\"1675\" title='Einfamilienhaus H in Waiblingen' alt=''  itemprop=\"thumbnailUrl\" srcset=\"https:\/\/www.treschl-architekten.de\/wp-content\/uploads\/2024\/02\/08-Einfamilienhaus-10-scaled.jpg 2560w, https:\/\/www.treschl-architekten.de\/wp-content\/uploads\/2024\/02\/08-Einfamilienhaus-10-300x196.jpg 300w, https:\/\/www.treschl-architekten.de\/wp-content\/uploads\/2024\/02\/08-Einfamilienhaus-10-1030x674.jpg 1030w, https:\/\/www.treschl-architekten.de\/wp-content\/uploads\/2024\/02\/08-Einfamilienhaus-10-768x502.jpg 768w, https:\/\/www.treschl-architekten.de\/wp-content\/uploads\/2024\/02\/08-Einfamilienhaus-10-1536x1005.jpg 1536w, https:\/\/www.treschl-architekten.de\/wp-content\/uploads\/2024\/02\/08-Einfamilienhaus-10-2048x1340.jpg 2048w, https:\/\/www.treschl-architekten.de\/wp-content\/uploads\/2024\/02\/08-Einfamilienhaus-10-1500x981.jpg 1500w, https:\/\/www.treschl-architekten.de\/wp-content\/uploads\/2024\/02\/08-Einfamilienhaus-10-705x461.jpg 705w\" sizes=\"(max-width: 2560px) 100vw, 2560px\" \/><\/div><\/li><li  class='avia-slideshow-slide av-lt71gouw-ac25143825670e5395e0cd869f1b3210__9  slide-10 slide-even'><div data-rel='slideshow-1' class='avia-slide-wrap '   ><img decoding=\"async\" fetchpriority=\"high\" class=\"wp-image-240 avia-img-lazy-loading-not-240\"  src=\"https:\/\/www.treschl-architekten.de\/wp-content\/uploads\/2024\/02\/08-Einfamilienhaus-11-scaled.jpg\" width=\"2560\" height=\"1836\" title='Einfamilienhaus H in Waiblingen' alt=''  itemprop=\"thumbnailUrl\" srcset=\"https:\/\/www.treschl-architekten.de\/wp-content\/uploads\/2024\/02\/08-Einfamilienhaus-11-scaled.jpg 2560w, https:\/\/www.treschl-architekten.de\/wp-content\/uploads\/2024\/02\/08-Einfamilienhaus-11-300x215.jpg 300w, https:\/\/www.treschl-architekten.de\/wp-content\/uploads\/2024\/02\/08-Einfamilienhaus-11-1030x739.jpg 1030w, https:\/\/www.treschl-architekten.de\/wp-content\/uploads\/2024\/02\/08-Einfamilienhaus-11-768x551.jpg 768w, https:\/\/www.treschl-architekten.de\/wp-content\/uploads\/2024\/02\/08-Einfamilienhaus-11-1536x1102.jpg 1536w, https:\/\/www.treschl-architekten.de\/wp-content\/uploads\/2024\/02\/08-Einfamilienhaus-11-2048x1469.jpg 2048w, https:\/\/www.treschl-architekten.de\/wp-content\/uploads\/2024\/02\/08-Einfamilienhaus-11-1500x1076.jpg 1500w, https:\/\/www.treschl-architekten.de\/wp-content\/uploads\/2024\/02\/08-Einfamilienhaus-11-260x185.jpg 260w, https:\/\/www.treschl-architekten.de\/wp-content\/uploads\/2024\/02\/08-Einfamilienhaus-11-705x506.jpg 705w\" sizes=\"(max-width: 2560px) 100vw, 2560px\" \/><\/div><\/li><li  class='avia-slideshow-slide av-lt71gouw-ac25143825670e5395e0cd869f1b3210__10  slide-11 slide-odd'><div data-rel='slideshow-1' class='avia-slide-wrap '   ><img decoding=\"async\" fetchpriority=\"high\" class=\"wp-image-241 avia-img-lazy-loading-not-241\"  src=\"https:\/\/www.treschl-architekten.de\/wp-content\/uploads\/2024\/02\/08-Einfamilienhaus-12.jpg\" width=\"1494\" height=\"2160\" title='Einfamilienhaus H in Waiblingen' alt=''  itemprop=\"thumbnailUrl\" srcset=\"https:\/\/www.treschl-architekten.de\/wp-content\/uploads\/2024\/02\/08-Einfamilienhaus-12.jpg 1494w, https:\/\/www.treschl-architekten.de\/wp-content\/uploads\/2024\/02\/08-Einfamilienhaus-12-208x300.jpg 208w, https:\/\/www.treschl-architekten.de\/wp-content\/uploads\/2024\/02\/08-Einfamilienhaus-12-712x1030.jpg 712w, https:\/\/www.treschl-architekten.de\/wp-content\/uploads\/2024\/02\/08-Einfamilienhaus-12-768x1110.jpg 768w, https:\/\/www.treschl-architekten.de\/wp-content\/uploads\/2024\/02\/08-Einfamilienhaus-12-1062x1536.jpg 1062w, https:\/\/www.treschl-architekten.de\/wp-content\/uploads\/2024\/02\/08-Einfamilienhaus-12-1417x2048.jpg 1417w, https:\/\/www.treschl-architekten.de\/wp-content\/uploads\/2024\/02\/08-Einfamilienhaus-12-1038x1500.jpg 1038w, https:\/\/www.treschl-architekten.de\/wp-content\/uploads\/2024\/02\/08-Einfamilienhaus-12-488x705.jpg 488w\" sizes=\"(max-width: 1494px) 100vw, 1494px\" \/><\/div><\/li><li  class='avia-slideshow-slide av-lt71gouw-ac25143825670e5395e0cd869f1b3210__11  slide-12 slide-even'><div data-rel='slideshow-1' class='avia-slide-wrap '   ><img decoding=\"async\" fetchpriority=\"high\" class=\"wp-image-242 avia-img-lazy-loading-not-242\"  src=\"https:\/\/www.treschl-architekten.de\/wp-content\/uploads\/2024\/02\/08-Einfamilienhaus-13-scaled.jpg\" width=\"2560\" height=\"1712\" title='Einfamilienhaus H in Waiblingen' alt=''  itemprop=\"thumbnailUrl\" srcset=\"https:\/\/www.treschl-architekten.de\/wp-content\/uploads\/2024\/02\/08-Einfamilienhaus-13-scaled.jpg 2560w, https:\/\/www.treschl-architekten.de\/wp-content\/uploads\/2024\/02\/08-Einfamilienhaus-13-300x201.jpg 300w, https:\/\/www.treschl-architekten.de\/wp-content\/uploads\/2024\/02\/08-Einfamilienhaus-13-1030x689.jpg 1030w, https:\/\/www.treschl-architekten.de\/wp-content\/uploads\/2024\/02\/08-Einfamilienhaus-13-768x514.jpg 768w, https:\/\/www.treschl-architekten.de\/wp-content\/uploads\/2024\/02\/08-Einfamilienhaus-13-1536x1027.jpg 1536w, https:\/\/www.treschl-architekten.de\/wp-content\/uploads\/2024\/02\/08-Einfamilienhaus-13-2048x1370.jpg 2048w, https:\/\/www.treschl-architekten.de\/wp-content\/uploads\/2024\/02\/08-Einfamilienhaus-13-1500x1003.jpg 1500w, https:\/\/www.treschl-architekten.de\/wp-content\/uploads\/2024\/02\/08-Einfamilienhaus-13-705x471.jpg 705w\" sizes=\"(max-width: 2560px) 100vw, 2560px\" \/><\/div><\/li><li  class='avia-slideshow-slide av-lt71gouw-ac25143825670e5395e0cd869f1b3210__12  slide-13 slide-odd'><div data-rel='slideshow-1' class='avia-slide-wrap '   ><img decoding=\"async\" fetchpriority=\"high\" class=\"wp-image-243 avia-img-lazy-loading-not-243\"  src=\"https:\/\/www.treschl-architekten.de\/wp-content\/uploads\/2024\/02\/08-Einfamilienhaus-14-scaled.jpg\" width=\"2560\" height=\"1707\" title='Einfamilienhaus H in Waiblingen' alt=''  itemprop=\"thumbnailUrl\" srcset=\"https:\/\/www.treschl-architekten.de\/wp-content\/uploads\/2024\/02\/08-Einfamilienhaus-14-scaled.jpg 2560w, https:\/\/www.treschl-architekten.de\/wp-content\/uploads\/2024\/02\/08-Einfamilienhaus-14-300x200.jpg 300w, https:\/\/www.treschl-architekten.de\/wp-content\/uploads\/2024\/02\/08-Einfamilienhaus-14-1030x687.jpg 1030w, https:\/\/www.treschl-architekten.de\/wp-content\/uploads\/2024\/02\/08-Einfamilienhaus-14-768x512.jpg 768w, https:\/\/www.treschl-architekten.de\/wp-content\/uploads\/2024\/02\/08-Einfamilienhaus-14-1536x1024.jpg 1536w, https:\/\/www.treschl-architekten.de\/wp-content\/uploads\/2024\/02\/08-Einfamilienhaus-14-2048x1365.jpg 2048w, https:\/\/www.treschl-architekten.de\/wp-content\/uploads\/2024\/02\/08-Einfamilienhaus-14-1500x1000.jpg 1500w, https:\/\/www.treschl-architekten.de\/wp-content\/uploads\/2024\/02\/08-Einfamilienhaus-14-705x470.jpg 705w\" sizes=\"(max-width: 2560px) 100vw, 2560px\" \/><\/div><\/li><li  class='avia-slideshow-slide av-lt71gouw-ac25143825670e5395e0cd869f1b3210__13  slide-14 slide-even'><div data-rel='slideshow-1' class='avia-slide-wrap '   ><img decoding=\"async\" fetchpriority=\"high\" class=\"wp-image-244 avia-img-lazy-loading-not-244\"  src=\"https:\/\/www.treschl-architekten.de\/wp-content\/uploads\/2024\/02\/08-Einfamilienhaus-15-scaled.jpg\" width=\"2560\" height=\"1457\" title='Einfamilienhaus H in Waiblingen' alt=''  itemprop=\"thumbnailUrl\" srcset=\"https:\/\/www.treschl-architekten.de\/wp-content\/uploads\/2024\/02\/08-Einfamilienhaus-15-scaled.jpg 2560w, https:\/\/www.treschl-architekten.de\/wp-content\/uploads\/2024\/02\/08-Einfamilienhaus-15-300x171.jpg 300w, https:\/\/www.treschl-architekten.de\/wp-content\/uploads\/2024\/02\/08-Einfamilienhaus-15-1030x586.jpg 1030w, https:\/\/www.treschl-architekten.de\/wp-content\/uploads\/2024\/02\/08-Einfamilienhaus-15-768x437.jpg 768w, https:\/\/www.treschl-architekten.de\/wp-content\/uploads\/2024\/02\/08-Einfamilienhaus-15-1536x874.jpg 1536w, https:\/\/www.treschl-architekten.de\/wp-content\/uploads\/2024\/02\/08-Einfamilienhaus-15-2048x1165.jpg 2048w, https:\/\/www.treschl-architekten.de\/wp-content\/uploads\/2024\/02\/08-Einfamilienhaus-15-1500x854.jpg 1500w, https:\/\/www.treschl-architekten.de\/wp-content\/uploads\/2024\/02\/08-Einfamilienhaus-15-705x401.jpg 705w\" sizes=\"(max-width: 2560px) 100vw, 2560px\" \/><\/div><\/li><\/ul><div class='avia-slideshow-arrows avia-slideshow-controls' ><a href='#prev' class='prev-slide ' aria-hidden='true' data-av_icon='\ue87c' data-av_iconfont='entypo-fontello'  tabindex='-1'>Previous<\/a><a href='#next' class='next-slide ' aria-hidden='true' data-av_icon='\ue87d' data-av_iconfont='entypo-fontello'  tabindex='-1'>Next<\/a><\/div><\/div><\/div><div  class='flex_column av-av_two_fifth-58a6369d5c19d308284fa729d91312fa av_two_fifth  avia-builder-el-2  el_after_av_three_fifth  avia-builder-el-last  flex_column_div  '     ><section  class='av_textblock_section av-lt71h489-2ea8aece27fdf05501bafa0c9f065dcc '   itemscope=\"itemscope\" itemtype=\"https:\/\/schema.org\/CreativeWork\" ><div class='avia_textblock'  itemprop=\"text\" ><p style=\"text-align: center;\"><a href=\"https:\/\/www.treschl-architekten.de\/?page_id=435\">Information ausblenden<\/a><\/p>\n<h5 style=\"text-align: center;\">Einfamilienhaus H in Waiblingen<\/h5>\n<\/div><\/section><br \/>\n\n<style type=\"text\/css\" data-created_by=\"avia_inline_auto\" id=\"style-css-av-av_hr-3a876428eececa9d35452247ddb053af\">\n#top .hr.hr-invisible.av-av_hr-3a876428eececa9d35452247ddb053af{\nheight:50px;\n}\n<\/style>\n<div  class='hr av-av_hr-3a876428eececa9d35452247ddb053af hr-invisible  avia-builder-el-4  el_after_av_textblock  el_before_av_textblock '><span class='hr-inner '><span class=\"hr-inner-style\"><\/span><\/span><\/div><br \/>\n<section  class='av_textblock_section av-lt71iw0i-66f93c3306efb1cbd7528aa089275225 '   itemscope=\"itemscope\" itemtype=\"https:\/\/schema.org\/CreativeWork\" ><div class='avia_textblock'  itemprop=\"text\" ><p>Neubau eines Einfamilienhauses Waiblingen<\/p>\n<p>In sch\u00f6ner, ruhiger Stadtrandlage, im neu erschlossenen Wohngebiet Galgenberg II, w\u00fcnschten sich die Bauherren ein modernes, klar gegliedertes Einfamilienhaus. Die unbebaubare Nordwestseite des Grundst\u00fccks f\u00fchrte zur kompromisslosen \u00d6ffnung der Fassade. Lichtdurchflutete Innenr\u00e4ume verbinden sich mit den Au\u00dfenr\u00e4umen. Zur Stra\u00dfe ordnen sich Nebenr\u00e4ume und Garage, ohne dass die Fassade an Reiz verliert. Im Gegenteil, hinter der eleganten Holzverkleidung verbirgt sich der Garagen- und Eingangsbereich mit der transparenten Treppe. Diese verbindet die drei Geschosse. Das Obergeschoss ist f\u00fcr die Eltern reserviert, mit Bad, Ankleide, Schlafen und Arbeiten. Im Untergeschoss liegen nach S\u00fcden orientiert und durch einen Lichthof belichtet die G\u00e4stezimmer der Familie.<br \/>\nKompakt, ohne jedoch an Gro\u00dfz\u00fcgigkeit zu verlieren, realisierten die Architekten und Bauherren ein Haus mit kurzen Wegen, offenen R\u00e4umen und lichten Bez\u00fcgen zur sch\u00f6nen Landschaft.<\/p>\n<\/div><\/section><\/p><\/div><\/p>\n","protected":false},"excerpt":{"rendered":"","protected":false},"author":2,"featured_media":0,"parent":0,"menu_order":0,"comment_status":"closed","ping_status":"closed","template":"","meta":{"footnotes":""},"class_list":["post-437","page","type-page","status-publish","hentry"],"_links":{"self":[{"href":"https:\/\/www.treschl-architekten.de\/index.php?rest_route=\/wp\/v2\/pages\/437","targetHints":{"allow":["GET"]}}],"collection":[{"href":"https:\/\/www.treschl-architekten.de\/index.php?rest_route=\/wp\/v2\/pages"}],"about":[{"href":"https:\/\/www.treschl-architekten.de\/index.php?rest_route=\/wp\/v2\/types\/page"}],"author":[{"embeddable":true,"href":"https:\/\/www.treschl-architekten.de\/index.php?rest_route=\/wp\/v2\/users\/2"}],"replies":[{"embeddable":true,"href":"https:\/\/www.treschl-architekten.de\/index.php?rest_route=%2Fwp%2Fv2%2Fcomments&post=437"}],"version-history":[{"count":1,"href":"https:\/\/www.treschl-architekten.de\/index.php?rest_route=\/wp\/v2\/pages\/437\/revisions"}],"predecessor-version":[{"id":438,"href":"https:\/\/www.treschl-architekten.de\/index.php?rest_route=\/wp\/v2\/pages\/437\/revisions\/438"}],"wp:attachment":[{"href":"https:\/\/www.treschl-architekten.de\/index.php?rest_route=%2Fwp%2Fv2%2Fmedia&parent=437"}],"curies":[{"name":"wp","href":"https:\/\/api.w.org\/{rel}","templated":true}]}}